l - 4*l**3. What is the units digit of x(-3)?
1
Suppose 2*x - w + 0*w - 141 = 0, 5*x - 352 = 3*w. What is the tens digit of x?
7
Suppose -3*l = 2*l - 185. What is the units digit of l?
7
Let i(n) = -6 - n**3 + 15 + 0*n - n + 2*n**3. Suppose -5*y = -y. What is the units digit of i(y)?
9
Suppose -h - 6 = -c, -5*c + 9 + 11 = 5*h. What is the units digit of c?
5
Let c = 57 + -81. Let w = 45 + c. What is the units digit of w?
1
Suppose -14 = 6*d - 386. What is the tens digit of d?
6
What is the tens digit of -2 + 38 + (-3 - -1)?
3
Let w(i) = 5*i**2 + 3*i - 7. What is the units digit of w(-5)?
3
Let z = 43 - 62. Let g = z - -31. What is the tens digit of g?
1
Let q be 0/(-4) + 3*1. Suppose 0 = r - 0*r - q. What is the units digit of r?
3
Let m = 9 + -7. Suppose -81 = -y - m*y. What is the tens digit of y?
2
Suppose -m - 5 = 4*n, 0 = 3*m + n - 7 - 33. Suppose 0 = -5*l + 2*l + m. What is the units digit of l?
5
Let r be 1/((-7)/(-6) - 1). Suppose -2*a + r*a - 20 = 0. Suppose a*n = 17 + 63. What is the tens digit of n?
1
Let r(l) = 5*l**3 - 4*l**2 - 6 + 5*l + l**2 - 4*l**3. What is the tens digit of r(4)?
3
Let o be 22*(-3 - (-20)/8). Suppose -2*k + 34 = -4*u, -3*u + 2*u = -4*k + 103. Let h = k + o. What is the units digit of h?
6
Suppose -o - 4 = -0*o, 0 = 4*k - 4*o - 156. What is the units digit of k?
5
What is the hundreds digit of (-1)/(4/(2*-314))?
1
Let f(m) = -m**2 - 2*m + 2. Let v be f(-4). Let c(p) = p**3 - 6*p**2 - 1. Let y be c(6). What is the units digit of 9*y/v*2?
3
Suppose 5*f = 4*f + 8. Suppose -f - 1 = -l. What is the units digit of l?
9
Suppose 2*d + v = 2*v + 188, 3*d + v - 272 = 0. Suppose 3*g - 2*j = d, 2*j - 4*j = 5*g - 132. What is the units digit of g?
8
Let t = -6 - -12. Suppose 0*f - 3*f + t = 0. What is the units digit of f?
2
What is the units digit of -1 + 2/(-8) + 161/4?
9
Let y(d) = d**2 - 4*d + 4. Let g be y(4). Suppose 5*t = -2*k + 52 - 14, -5*k - 4 = -g*t. What is the units digit of t?
6
Let x be (-2 - -1)*(0 + 1). What is the units digit of (4 + -1)/(0 - x)?
3
Let b(g) = -9*g + 5. What is the tens digit of b(-5)?
5
Suppose 2*o - 4*o + 14 = 0. Suppose -u - 4*i + o = 0, 3*u = 2*u - 2*i + 3. What is the units digit of 12*u/(3/(-1))?
4
Let m = -2 + -2. Let p be m/(-14) + 133/49. What is the units digit of (2/(-3))/((-2)/p)?
1
Suppose 0 = -4*y + 4. Let a = 3 + y. Let t(q) = 3*q - 5. What is the units digit of t(a)?
7
Suppose -2*y - c = -7, 5*c = 5*y - 3*y - 25. Suppose 4*n - 3*k = 2*k - 31, 0 = 5*n - y*k + 35. What is the units digit of (-13)/n - (-4)/(-16)?
3
Let r(k) = 9*k**2 - k. What is the tens digit of r(-4)?
4
Let i = 8 + -4. Suppose -i*x - 3*z = -0*z - 28, 5*x - 3*z - 62 = 0. What is the units digit of (4/x)/((-3)/(-90))?
2
Let l = 7 - 4. Suppose l*v - 14 = 1. Suppose v*p + 4 = 29. What is the units digit of p?
5
Let c(a) be the third derivative of -a**5/60 + 11*a**4/24 + a**2. Let l be c(8). What is the units digit of (3/(-9))/((-2)/l)?
4
Let q be (168/(-60))/((-2)/10). What is the tens digit of (-2)/7 + 438/q?
3
Let v(g) = g**2 - 10*g + 9. Let x be v(9). Suppose x*a = -a + 9. What is the units digit of a?
9
Let y(m) = -m**3 + 3*m**2 + m + 3. What is the units digit of y(3)?
6
Let j be (4 - -4) + (-2)/2. Let f = -1 + j. What is the units digit of f?
6
Suppose -5*y - 4*q = -175, -5*q + 180 = 5*y - 0*y. What is the tens digit of y?
3
Suppose 23 = 4*c - 25. What is the tens digit of c?
1
Suppose 0 = l + 23 + 8. Suppose 3*v + 40 = -2*u, 0*v - 4*v = -2*u + 72. Let b = v - l. What is the tens digit of b?
1
Let n(a) = a**2 - 14*a - 9. What is the units digit of n(15)?
6
Let f(h) = -h**3 + 5*h**2 + 13*h - 7. What is the units digit of f(5)?
8
Let p = 20 - -12. Suppose -5*a = -4*s + p - 8, s + 5*a = 31. What is the tens digit of s?
1
Let g be -3 + -1 - -2 - -2. Suppose 3*h + 18 + 0 = g. What is the units digit of 2*-3*2/h?
2
Let o(j) = j**3 - 14*j**2 - 11*j + 21. What is the tens digit of o(15)?
8
Let o = -227 + 320. Suppose 7*c - 4*c - o = 0. What is the units digit of c?
1
Let y = -16 - -17. What is the units digit of y?
1
Suppose 4*u - 4*y - 5 = 7, 0 = u + 5*y + 3. Suppose u - 8 = -n. Let d = n - 0. What is the units digit of d?
6
Let z(j) = -2*j - 16. What is the tens digit of z(-13)?
1
Let k(p) = -p**3 - 9*p**2 - p - 8. Let n be k(-9). Let x(r) = -5*r + 3*r + 4*r + n. What is the units digit of x(1)?
3
Suppose s - 3 = 1. Let c = s - 0. Suppose c*d = 6*d - 2. What is the units digit of d?
1
Suppose 0 = -7*c + 489 - 132. What is the tens digit of c?
5
Suppose 3*o + 5*i + 103 = 0, -3*i + 115 = -5*o - 0*i. Let m = 67 + o. What is the units digit of m?
1
Let m = -6 + 6. What is the units digit of -1 + (0 - -7 - m)?
6
Let h(c) = 73*c + 8. Let k(z) = 18*z + 2. Let t(x) = 2*h(x) - 9*k(x). What is the tens digit of t(-3)?
4
Let u(s) = 22*s**3 - s**2 + s - 3. What is the hundreds digit of u(2)?
1
Suppose 5*b + 81 = -2*v + 366, 4*b - 241 = v. What is the units digit of b?
9
Let n(m) = 25*m - 24. What is the tens digit of n(3)?
5
Let k(c) = -c**3 + 7*c**2 - 6*c. Suppose y + 38 = 4*y - 4*x, -2*x = 10. Let v be k(y). Suppose -5*n = -5, i - 3*n = -v + 1. What is the units digit of i?
4
Suppose -4*r + 91 = -13. What is the units digit of r?
6
Let y(t) = 2*t + 8. Let k = -4 + 11. What is the tens digit of y(k)?
2
Suppose b = -2*b + 12. Let c(w) = w**3 - 3*w**2 - 5*w + 6. What is the units digit of c(b)?
2
Let f = -5 + 8. Suppose -4*k + 4*s = -124, 2*s + 66 = 2*k + 4*s. Suppose c = -f*c + k. What is the units digit of c?
8
Let j = 0 + 4. Suppose j*x + 4*a - 120 - 104 = 0, -x + 5*a + 50 = 0. Suppose 6*n - n - x = 0. What is the tens digit of n?
1
Suppose 3*m = 6, -3 = -a + m + 3*m. What is the units digit of a?
1
Suppose -i - 4*n = 4*i - 32, -11 = -2*i - n. Suppose -u + 0*u + 6 = -j, u = -j + i. What is the units digit of u?
5
Let v = 4 + -6. Let j be v*3/(18/(-147)). Suppose -3*x - 5*u + 60 = 0, 0 = 2*x + 2*u - j + 13. What is the tens digit of x?
1
Let w(g) = g**3 - 9*g**2 + 2*g - 9. Let l = -22 - -31. Let r = 18 - l. What is the units digit of w(r)?
9
Suppose -z = 4*z - 50. Suppose 0 = 4*g - 4*m, -4*g + 2*m + z - 4 = 0. Suppose 5 + g = 2*o. What is the units digit of o?
4
Let n(j) = -2*j**3 - 3*j**2 - 5*j - 6. What is the tens digit of n(-4)?
9
Let p(a) = a**2 + a. Let y be p(1). Let l(k) = 0*k + 6*k + 30 - 33. What is the units digit of l(y)?
9
Suppose 2*r + 0*r - 4 = 0. Suppose -15 = r*s - 3. Let l = 14 + s. What is the units digit of l?
8
Let m be ((0 - -2) + -1)*28. What is the units digit of m/6 - (-2)/6?
5
Let v(z) = 4*z**2 - 12*z - 5. What is the hundreds digit of v(7)?
1
What is the tens digit of ((-24)/5)/(3/(-40))?
6
Let j be -1 + 108 + 4/1. Suppose 2*c = -c + j. What is the tens digit of c?
3
Let c be (-1)/(-4) - (-42)/(-8). What is the units digit of c*(1 + -3 + 0)?
0
Suppose 4*x = x - 3. Let v be x/3 - (-30)/9. Suppose v = u - 1. What is the units digit of u?
4
What is the units digit of 5 - ((-3 - -1) + 0)?
7
Let n(g) = -164*g**3 - g**2 - 3*g - 1. What is the hundreds digit of n(-1)?
1
What is the tens digit of (0/2 - 0) + 81?
8
Let w(t) be the third derivative of t**7/5040 + t**6/144 + t**5/30 + 3*t**2. Let s(l) be the third derivative of w(l). What is the tens digit of s(7)?
1
Let p be -6*(5/(-2) + 2). Suppose x = p - 1. Suppose 4*a + x*r = 44, -3*a + 4*r + r = -20. What is the units digit of a?
0
Let l = 498 + -205. What is the tens digit of l?
9
Let d(m) = -28*m - 2. What is the units digit of d(-4)?
0
Let n(t) = 2*t - 1. Let z = -18 - -32. Suppose w - 16 = -y - 2*y, -w + 3*y = z. What is the units digit of n(w)?
1
Let j = 1 + 4. Suppose -k - 5*r = -20, -j*r = 3*k - 7*k + 5. Suppose 4*d = 4*q - k*q + 5, 3*d + 4*q - 7 = 0. What is the units digit of d?
1
Let n(u) = u**2 - 6*u. Let o be n(6). Suppose v + 2 - 5 = o. Suppose 0*q - 15 = -5*q, 4*h + v*q - 33 = 0. What is the units digit of h?
6
Let j(v) = -v**3 - 4*v**2 - 4*v + 1. Let d be j(-3). Suppose -d*h + 40 = 16. What is the units digit of h?
6
Let l be 184/12 - (-4)/6. Suppose -w - 2*a = -l, 2*w - 3*w + 3*a = 4. What is the units digit of w?
8
Let l(k) = 16*k**2 - k - 1. What is the tens digit of l(-3)?
4
Suppose 4*k - 6*g = -2*g - 48, 3*k = -2*g - 11. Suppose 4*x - 40 = -2*i, 2*i - 5*x - 13 = -0*x. Let s = i + k. What is the units digit of s?
7
Let q(s) = -s